9?
541
Calculate the highest common divisor of 30 and 3795795.
15
Calculate the greatest common divisor of 670 and 191180.
10
What is the greatest common factor of 17164798 and 1258?
34
Calculate the highest common factor of 3231 and 20233599.
1077
Calculate the highest common factor of 13416 and 716352.
312
Calculate the greatest common factor of 70610932 and 868.
868
What is the highest common divisor of 312 and 1542296?
8
What is the highest common divisor of 12 and 90823386?
6
Calculate the highest common divisor of 765486 and 45494.
1978
Calculate the greatest common divisor of 15272559 and 72.
9
Calculate the highest common divisor of 1018670 and 75210.
230
Calculate the greatest common factor of 286861 and 3256.
37
Calculate the greatest common divisor of 2292611334 and 78.
78
What is the highest common factor of 1290740 and 1045?
55
What is the greatest common factor of 147 and 6751808?
49
What is the highest common factor of 32465 and 77773154?
6493
What is the greatest common factor of 4355 and 59505745?
65
Calculate the greatest common factor of 17248 and 211705186.
1078
What is the greatest common factor of 27 and 546877?
1
Calculate the highest common factor of 1092 and 803647.
13
What is the greatest common divisor of 2645024 and 544?
32
What is the greatest common factor of 9705 and 112118630?
3235
Calculate the greatest common factor of 32952 and 5672.
8
Calculate the greatest common factor of 76814 and 139153.
193
What is the greatest common factor of 100 and 1615780?
20
Calculate the highest common factor of 9585 and 367331280.
1065
What is the greatest common factor of 2050609415 and 7430?
3715
Calculate the greatest common factor of 129079 and 33205.
29
Calculate the highest common factor of 52509625 and 67375.
6125
What is the greatest common factor of 59272844 and 862?
862
Calculate the highest common factor of 19728379 and 8965.
1793
What is the greatest common factor of 16170 and 151080?
30
Calculate the highest common divisor of 9392 and 12100624.
16
What is the highest common factor of 141772 and 286718?
1058
Calculate the greatest common factor of 1 and 18359621.
1
Calculate the greatest common divisor of 20505 and 70530.
15
What is the highest common divisor of 1786120 and 6440?
280
What is the greatest common factor of 216654044 and 4?
4
What is the highest common divisor of 4428 and 17914752?
36
Calculate the greatest common factor of 270 and 105143910.
30
What is the highest common divisor of 535392 and 319410?
3042
What is the greatest common divisor of 201438 and 733026?
186
Calculate the greatest common divisor of 140975239 and 2269.
2269
Calculate the highest common factor of 14520 and 49052190.
3630
Calculate the greatest common divisor of 183168 and 1664.
128
What is the greatest common factor of 259461075 and 50?
25
What is the greatest common factor of 4726 and 9112006?
278
What is the highest common factor of 65148 and 32218?
178
What is the highest common factor of 903240 and 25387992?
13896
Calculate the highest common factor of 94802 and 158594.
886
Calculate the highest common divisor of 6795 and 6881825.
755
Calculate the highest common divisor of 11387546 and 116.
58
What is the highest common divisor of 2656477 and 299?
23
Calculate the highest common divisor of 9975615 and 2405.
65
Calculate the highest common factor of 195 and 2807715.
15
What is the greatest common divisor of 11421 and 567431?
47
What is the greatest common factor of 516 and 3805156?
172
What is the greatest common factor of 10975 and 34475?
25
What is the greatest common factor of 23293675 and 25?
25
What is the highest common factor of 2892520 and 4280?
40
What is the greatest common divisor of 638469 and 64311?
663
What is the highest common divisor of 25212 and 11366388?
132
What is the greatest common divisor of 4015820 and 1383050?
1990
What is the greatest common divisor of 259413 and 16632?
231
Calculate the highest common divisor of 35767 and 78208.
47
What is the highest common factor of 5614 and 79025471?
2807
Calculate the greatest common divisor of 350 and 151200770.
70
Calculate the greatest common divisor of 26722 and 899066.
862
What is the highest common divisor of 15612 and 2371812?
12
Calculate the greatest common factor of 5056 and 9888272.
1264
Calculate the greatest common factor of 1443 and 12140440.
481
Calculate the highest common divisor of 32045116 and 232.
116
Calculate the greatest common divisor of 1181550549 and 743.
743
What is the highest common divisor of 45 and 2019555?
45
What is the greatest common divisor of 592 and 244607?
37
What is the greatest common divisor of 1026 and 3033780426?
1026
Calculate the highest common divisor of 3027978 and 33078.
894
Calculate the highest common divisor of 903 and 23903313.
903
Calculate the highest common factor of 15925 and 2545400.
325
Calculate the highest common factor of 266582 and 73021.
41
Calculate the highest common divisor of 120 and 47908200.
120
Calculate the highest common factor of 7788 and 1029501.
33
Calculate the highest common factor of 2496 and 22073280.
192
Calculate the greatest common factor of 5068 and 94299009.
1267
Calculate the greatest common factor of 1716 and 12615174.
858
Calculate the greatest common factor of 17920 and 57512.
56
What is the highest common divisor of 48321 and 16225118?
5369
Calculate the greatest common factor of 1309 and 20622547.
187
What is the highest common divisor of 6867 and 251975409?
2289
What is the highest common factor of 131537 and 2369?
23
What is the greatest common divisor of 945019 and 36499?
113
Calculate the highest common divisor of 23912 and 1287100.
244
What is the highest common factor of 2735151 and 95559?
1803
What is the greatest common divisor of 46068 and 1101095?
349
What is the greatest common factor of 1463 and 150080791?
133
Calculate the highest common factor of 1428 and 5033.
7
What is the greatest common factor of 4834490 and 387?
43
Calculate the greatest common divisor of 62 and 72048402.
62
Calculate the greatest common divisor of 58565 and 82095.
65
Calculate the highest common divisor of 45385 and 678451288.
9077
Calculate the greatest common factor of 584893 and 3990336.
2969
Calculate the highest common divisor of 1845 and 2821415.
205
Calculate the highest common divisor of 141946924 and 1372.
196
What is the greatest common factor of 33 and 5510153?
11
What is the greatest common factor of 665 and 203395?
95
Calculate the highest common factor of 56643573 and 21.
21
Calculate the highest common divisor of 5112624 and 11367.
1263
What is the greatest common divisor of 3050061 and 8906?
61
What is the highest common divisor of 994098049 and 31?
31
Calculate the greatest common divisor of 1230715 and 640.
5
Calculate the highest common divisor of 309908499 and 939.
939
What is the greatest common factor of 16576 and 1219008?
448
What is the greatest common factor of 28882785 and 15?
15
Calculate the greatest common divisor of 489 and 34910688.
489
What is the greatest common factor of 32 and 3690472?
8
What is the highest common factor of 2045701 and 21?
7
Calculate the greatest common divisor of 18 and 22198068.
18
What is the highest common factor of 16738904 and 2496?
104
Calculate the greatest common divisor of 8 and 15820208.
8
What is the highest common factor of 6537 and 24733829?
2179
What is the greatest common factor of 58427844 and 252?
12
Calculate the highest common factor of 48007452 and 342.
114
Calculate the highest common divisor of 404701 and 1034.
11
What is the highest common divisor of 282510 and 29930?
730
What is the greatest common factor of 68110 and 1305905?
695
What is the greatest common factor of 255039 and 399999?
453
What is the highest common factor of 2986 and 20314?
2
What is the greatest common factor of 20929871 and 5516?
197
Calculate the greatest common divisor of 41121848 and 16.
8
What is the highest common factor of 18 and 154783242?
18
What is the greatest common divisor of 208992 and 65932?
1244
What is the greatest common factor of 126 and 65987628?
42
What is the highest common factor of 36 and 543271878?
18
What is the highest common factor of 531360095 and 14?
7
What is the highest common factor of 1495 and 2320374